rue
Is 663375803 a composite number?
True
Is 3525813407 a prime number?
False
Is 223215301 a prime number?
True
Is 2074256477 prime?
True
Is 55789474007 composite?
False
Is 2839285061 composite?
False
Is 1237366058 composite?
True
Is 153126723 composite?
True
Is 6256726243 prime?
True
Is 1883100907 composite?
False
Is 603641771 a composite number?
False
Is 335652067 prime?
False
Is 54430064547 prime?
False
Is 47347939 composite?
True
Is 6782460577 a prime number?
True
Is 1311748969 a composite number?
False
Is 7683427 composite?
True
Is 158513613971 a prime number?
True
Is 27175437299 composite?
True
Is 62899000117 a composite number?
False
Is 308077481 prime?
False
Is 474771749 prime?
True
Is 5428207142 a composite number?
True
Is 42750689089 composite?
True
Is 782973121 composite?
True
Is 24213347779 composite?
False
Is 20513183563 prime?
True
Is 69342462469 prime?
False
Is 11070171757 composite?
False
Is 2073667061 a prime number?
True
Is 1836805879 prime?
True
Is 101220149 prime?
False
Is 13403643787 a prime number?
True
Is 672260437 a prime number?
False
Is 732874693 a composite number?
False
Is 16662589637 a prime number?
False
Is 671436097 prime?
False
Is 14965985161 a prime number?
False
Is 16234369043 a composite number?
False
Is 1455264241 composite?
True
Is 18599643659 composite?
False
Is 316188969583 a composite number?
False
Is 2913907103 composite?
True
Is 9147779 prime?
False
Is 49001208749 prime?
True
Is 34126963349 composite?
False
Is 5133885589 prime?
False
Is 84437918689 composite?
True
Is 868212139 a prime number?
True
Is 856006517 composite?
False
Is 21163880293 a composite number?
True
Is 6531674333 a prime number?
True
Is 602986429 composite?
False
Is 3542779733 composite?
True
Is 156108035 a prime number?
False
Is 418250485 a prime number?
False
Is 4819789691 prime?
False
Is 362891821 a composite number?
True
Is 713398717 prime?
False
Is 1684010039 composite?
False
Is 58374023467 a composite number?
True
Is 2783149477 a composite number?
True
Is 6223035083 a prime number?
True
Is 1117768489 a composite number?
True
Is 1544291701 prime?
False
Is 2533649669 prime?
False
Is 36301507327 a prime number?
True
Is 357264311 composite?
True
Is 31527589243 composite?
False
Is 13250633453 composite?
False
Is 17269460161 a prime number?
True
Is 125861647 prime?
False
Is 32037566377 a prime number?
True
Is 16409859937 prime?
True
Is 8584107019 a prime number?
True
Is 980208947 a prime number?
True
Is 143168447523 prime?
False
Is 847659239 composite?
True
Is 1615274503 prime?
False
Is 14389055869 a prime number?
True
Is 5460103043 prime?
True
Is 2472834311 prime?
True
Is 247373221 a prime number?
True
Is 355816121 composite?
False
Is 186250469 a composite number?
True
Is 1046645549 a prime number?
True
Is 158824909 a prime number?
False
Is 1025178199 a prime number?
True
Is 102485213 prime?
False
Is 1081384523 composite?
False
Is 8199930433 prime?
False
Is 22336696527 composite?
True
Is 9445333327 a composite number?
False
Is 1360494133 prime?
True
Is 312465007 composite?
False
Is 11868113677 composite?
True
Is 74797109 prime?
True
Is 2988193645 a prime number?
False
Is 5918783627 composite?
False
Is 717608407 a composite number?
True
Is 11060157055 a prime number?
False
Is 2515527199 composite?
False
Is 971795779 prime?
False
Is 11800807559 a composite number?
False
Is 2667866413 a prime number?
False
Is 11365846981 prime?
True
Is 29744026471 prime?
True
Is 12092331389 composite?
False
Is 21454875881 a composite number?
False
Is 167520043 a composite number?
True
Is 279651413 a composite number?
True
Is 48675370291 prime?
True
Is 5977993249 a composite number?
True
Is 49748909 prime?
False
Is 823563919 prime?
True
Is 6789314083 a prime number?
True
Is 13884425783 composite?
False
Is 16872517627 composite?
True
Is 7542628447 a prime number?
False
Is 62512618681 a prime number?
False
Is 14586238019 prime?
True
Is 3343484279 prime?
False
Is 2016551123 a prime number?
True
Is 772528051 composite?
True
Is 522215087 a prime number?
True
Is 689639647 a composite number?
True
Is 1808091917 a composite number?
False
Is 49620791237 a composite number?
False
Is 22656761 prime?
True
Is 40590412703 prime?
True
Is 642454027 composite?
False
Is 2989141349 prime?
False
Is 6236973371 a prime number?
False
Is 9959791781 prime?
True
Is 32600446693 a composite number?
False
Is 40374217019 prime?
False
Is 306708481 prime?
True
Is 244839527557 a composite number?
True
Is 2507944865 a prime number?
False
Is 152323750037 a prime number?
True
Is 18086390131 composite?
False
Is 925361027 prime?
True
Is 308965303 prime?
False
Is 1391895103 a composite number?
True
Is 168381151 prime?
False
Is 573262367 a prime number?
True
Is 5657685491 a composite number?
False
Is 39744889 prime?
True
Is 161658041 a prime number?
True
Is 4141927489 a prime number?
False
Is 846534511 composite?
True
Is 234228827653 prime?
True
Is 648007285 a composite number?
True
Is 9908422729 composite?
False
Is 2261325179 prime?
True
Is 47811665119 a prime number?
True
Is 13452088619 composite?
True
Is 9808449295 a composite number?
True
Is 21984996191 prime?
True
Is 794949401 composite?
False
Is 6705147983 a composite number?
False
Is 80993482621 a composite number?
False
Is 63057167 a composite number?
True
Is 30671448649 a composite number?
True
Is 1259144681 composite?
True
Is 499606537 a prime number?
True
Is 96580132453 prime?
False
Is 104169330971 a composite number?
True
Is 10240895209 a prime number?
False
Is 816651149 composite?
False
Is 1396095601 a prime number?
True
Is 1227548977 a composite number?
False
Is 15186042857 composite?
True
Is 1826441789 a composite number?
False
Is 5696860187 a composite number?
False
Is 19224385613 a prime number?
True
Is 331964917 composite?
True
Is 25281869 a composite number?
False
Is 15659540146 prime?
False
Is 280564343 composite?
False
Is 2205368719 a composite number?
False
Is 117950625007 a composite number?
True
Is 2315662169 a prime number?
False
Is 94411492081 composite?
True
Is 1288045267 a prime number?
False
Is 24682981259 a composite number?
False
Is 8070345071 composite?
False
Is 1824446093 composite?
False
Is 56411071 a composite number?
False
Is 9798688699 prime?
True
Is 2426693 a prime number?
True
Is 14322606919 prime?
False
Is 12244106243 a composite number?
False
Is 1195859971 a composite number?
True
Is 210715806731 a prime number?
True
Is 298856581 composite?
False
Is 29545595591 a prime number?
True
Is 196400551 composite?
True
Is 450269371 a composite number?
False
Is 91962029597 composite?
False
Is 97602424613 composite?
True
Is 999460183 composite?
False
Is 59059937 prime?
True
Is 2668477507 a prime number?
True
Is 5775264397 a composite number?
True
Is 4970749447 a prime number?
True
Is 9375847303 a composite number?
True
Is 2726580106 a prime number?
False
Is 1519739069 prime?
False
Is 1942951873 composite?
False
Is 9859448513 a prime number?
True
Is 3175101491 prime?
True
Is 23960789089 a composite number?
False
Is 604817203 a prime number?
True
Is 867537221 a prime number?
False
Is 861446129 composite?
False
Is 10185427811 prime?
False
Is 112056631 composite?
True
Is 211963481 a composite number?
True
Is 583591493 composite?
False
Is 5553379751 composite?
True
Is 9411944681 a prime number?
True
Is 1382505373 a composite number?
False
Is 1059568513 a composite number?
True
Is 1496322961 a composite number?
True
Is 2384815747 a composite number?
True
Is 8529965419 a composite number?
True
Is 14022185 composite?
True
Is 12087330371 composite?
False
Is 2756375579 composite?
False
Is 754896154 a prime number?
False
Is 1399177039 a prime number?
False
Is 2432471701 prime?
False
Is 295045753 prime?
False
Is 30070036901 prime?
True
Is 152284673033 prime?
False
Is 3815345971 prime?
False
Is 8069483309 composite?
False
Is 8615017 a composite number?
False
Is 45111228803 a prime number?
False
Is 1934982799 a composite number?
True
Is 33018819671 a composite number?
True
Is 344491139 composite?
False
Is 72148917319 a prime number?
True
Is 3909786719 composite?
False
Is 2646015689 a prime number?
False
Is 1092960461 a composite number?
False
Is 1902927067 a composite number?
True
Is 673440527 a prime number?
False
Is 63060